+ 6*m**2 + m - 1. Let b be x(6). Let k be r(b). What are the prime factors of k/(-3) - (-52)/6?
2
Suppose l + 2 = 9. Let u = l - 7. Suppose u = -f - 2, 4*n + n = -5*f + 90. What are the prime factors of n?
2, 5
Let w = -34 - -64. Let m be 2 - (0 - 2/1). Suppose -3*v + 44 = 4*d, 5*v = m*d + 82 - w. List the prime factors of v.
2, 3
Suppose 8*f - 5*j - 585 = 3*f, f = 2*j + 118. List the prime factors of f.
2, 29
Suppose -6*w = w - 497. List the prime factors of w.
71
Let a(n) = n**3 - 3*n**2 - n - 2. Let s be a(3). Suppose -18 = 3*y - 6*y + 4*g, -5*y - 5*g = -65. Let f = y + s. List the prime factors of f.
5
Suppose 3*q + 2*z = 5, -q + 4*z = -7 - 18. Let o(r) = 3*r - q*r + r. What are the prime factors of o(-6)?
2, 3
Suppose -3*f = 3 - 18. List the prime factors of f.
5
Let t(s) = s**3 + 8*s**2 + 6*s - 4. Let u be t(-7). Suppose 0 = u*x - 5*x + 60. What are the prime factors of x?
2, 3, 5
Suppose 2*j - 4*j = -6. Let h(v) = 11*v. List the prime factors of h(j).
3, 11
Suppose -2*c = 4, -4*c + 0*c + 228 = 4*g. List the prime factors of g.
59
What are the prime factors of 24/(-6) - (-2 + -37)?
5, 7
List the prime factors of (-8)/6*(-246)/4.
2, 41
Let g = 86 - 80. What are the prime factors of g?
2, 3
Suppose -2*g - 3*g = 0. Suppose g = c - 5*s - 28, 0 = 5*s - 3 + 18. What are the prime factors of c?
13
Let h(q) = -q**2 + 14*q - 9. List the prime factors of h(10).
31
Let b(m) = -m**3 + 8*m**2 - 9*m + 5. What are the prime factors of b(6)?
23
Suppose 3 - 13 = -5*x. Suppose l - 4*b = -x*l - 8, 21 = -l + 5*b. What are the prime factors of l + -3 + 2 + 3?
2, 3
Suppose 4*y + 3 = 7*y. Suppose 3*l = -l + 12. Let v = y + l. List the prime factors of v.
2
What are the prime factors of -2 + 0 + 23*2?
2, 11
Suppose 3*w + 121 = 4*y, 6*y - 125 = 2*y - w. Let c(m) = -m**3 + 4*m**2 - 6*m + 6. Let k be c(4). Let h = y + k. List the prime factors of h.
13
Let w(i) be the second derivative of i**5/20 - 5*i**4/6 + i**3/3 - 3*i**2 + 5*i. Let l = -25 + 35. List the prime factors of w(l).
2, 7
What are the prime factors of ((-12)/(-15) - (-1364)/20) + -1?
2, 17
Suppose -2 = -5*m + 4*m. Suppose -m*n - n + 6 = 0. Suppose -r = 4*k - 27, n*r = -k + 6 + 6. What are the prime factors of k?
2, 3
Suppose -2*n = -2*i, -3*n - i + 16 = 4. Suppose -p = -5*m + 109 - 14, -64 = -n*m + 2*p. What are the prime factors of m?
2, 3
Let c be ((-16)/(-20))/((-4)/(-10)). Suppose 17 + 1 = c*z. What are the prime factors of z?
3
Let a(d) = -d**2 + 19*d - 16. What are the prime factors of a(13)?
2, 31
Let j(q) = -5 - 5*q - 10*q**2 + q**3 - 10 - 2*q. List the prime factors of j(11).
29
Suppose 3 - 1 = a. Suppose 0 = 5*g - 8 - 2, -4*g + 98 = a*f. What are the prime factors of f?
3, 5
Suppose 0 = d - 2, 0 = -4*z - 3*d - 22. Let l = -3 - z. Suppose -4*t = -3*o - 7, l*o - 39 + 15 = -3*t. What are the prime factors of o?
3
What are the prime factors of (0 + 3 - 1)*147/2?
3, 7
Suppose 7*p = 3*p + 16. Suppose s - p*s + 39 = 0. Suppose -2*b = -s - 1. What are the prime factors of b?
7
Let f = -14 - -8. Let s(m) = -m**3 - 6*m**2 - 4*m - 8. Let x be s(f). Suppose -x - 4 = -5*n. What are the prime factors of n?
2
Let r(x) = -x. Let q be r(4). List the prime factors of 2/q + (-18)/(-4).
2
Let c = 110 - -10. What are the prime factors of c?
2, 3, 5
Suppose 0 = 2*i - 0*i + 2. Let v = 21 + i. List the prime factors of v.
2, 5
Let o(c) = 1. Let y(m) = -m - 5. Let x(q) = -o(q) - y(q). What are the prime factors of x(-2)?
2
Let d = -23 + 37. List the prime factors of d.
2, 7
Let s = -3 - -38. List the prime factors of s.
5, 7
Let i(s) = -2*s - 1. Let w be i(-2). Suppose -17 = -w*v + 19. What are the prime factors of v?
2, 3
Let i(f) = -f + 12. Let x be i(10). Suppose -3*p - 3*a + 4*a + 27 = 0, 5*a + 39 = 3*p. Suppose -x*g - p = -5*h, g + 16 = 3*g + h. List the prime factors of g.
2, 3
Let k = 0 - -4. Suppose 3*j = -3 + 9. Suppose 0*q + k*v = -2*q + 26, 23 = j*q + v. List the prime factors of q.
11
Suppose -44 = -o + 97. What are the prime factors of o?
3, 47
Suppose -6 = k - 14. Let v be (-26)/k*4*1. Let m = 27 + v. List the prime factors of m.
2, 7
Let f = 8 + -8. Let o be (f - -5) + 2 + -2. Suppose 8 - 23 = -o*k. What are the prime factors of k?
3
What are the prime factors of 120*(1 + (-3)/5)?
2, 3
Suppose 0 = 4*n - 22 - 2. List the prime factors of n.
2, 3
Let r be 3/(-15) + 327/(-15). List the prime factors of (-576)/r - (-6)/(-33).
2, 13
Suppose 2*b - 416 = -56. Suppose b = 2*f + 4*f. List the prime factors of f.
2, 3, 5
Suppose -3 = 3*y + 3*g, -y + 4 = -3*g - 7. Suppose -y*h + 8 + 32 = 0. What are the prime factors of h?
2, 5
Let u = -7 + 0. Let l(g) = -g**3 - 6*g**2 + g - 8. What are the prime factors of l(u)?
2, 17
Suppose -372 = 4*x + 3*p, x + 4*p = -2*x - 279. Let o = x + 136. What are the prime factors of o?
43
Let b(j) = 3*j + 303. What are the prime factors of b(0)?
3, 101
Let j be (-2 - 0)/2 + 3. Let s be -1*2 - (j + -2). Let l = 3 - s. What are the prime factors of l?
5
Let y(f) = -2*f - f + 5*f**2 + 2*f - 4*f**2. Let o(k) = 3*k**2 + k - 4. Let x(j) = o(j) - 2*y(j). List the prime factors of x(3).
2, 7
Suppose p + 10 = 4. List the prime factors of (-4)/p - (-40)/12.
2
Let w = -20 + 31. List the prime factors of w.
11
Let j = -10 + 7. Let h be -42 - j*(-6)/9. List the prime factors of h/16*2*-2.
11
Let g(s) = -s**2 - s + 4. Let k be -1*(-16)/6*-3. Let x be (-4)/k - (-2)/(-4). What are the prime factors of g(x)?
2
Suppose -c + 208 = -5*c. What are the prime factors of (7 + -2)*c/(-10)?
2, 13
Let n be ((-6)/24)/((-3)/372). Suppose -5*k = -6*k + n. List the prime factors of k.
31
Suppose 3*s = 55 + 320. What are the prime factors of s?
5
Let u(o) = o**2 + 2*o + 1. Let c be u(-1). Suppose c = 2*z + 3*z - 60. What are the prime factors of z?
2, 3
Let g be 3/(-6) + (-7)/2. Let n(i) = i**3 + 3*i**2 - 5*i - 2. Let w be n(g). What are the prime factors of w/(2/((-6)/(-3)))?
2
List the prime factors of (8 - (-12)/(-3))*28.
2, 7
Let j be (68/16)/(2/(-8)). Let n = 29 + j. What are the prime factors of n?
2, 3
Let x(u) = -u**2 - 12*u. Suppose 2*k = -12 - 2. List the prime factors of x(k).
5, 7
Suppose -61 - 43 = -3*x - 2*z, 4*x + 2*z - 142 = 0. List the prime factors of x.
2, 19
Suppose 25 = 4*w + w, 3*l = -4*w + 746. List the prime factors of l.
2, 11
Let l be (-1*3)/(6/(-4)). Suppose -6*p - 52 = -l*p. Let o = 24 + p. What are the prime factors of o?
11
Let n = 69 - 24. What are the prime factors of n?
3, 5
Suppose 4*j + 10 = 90. Let u = j + -18. What are the prime factors of u?
2
Let a(u) = u**2 + 4*u - 2. Let m be 33/(-7) + (-8)/28. Let t be a(m). Suppose t*z = -5*r - 2*z + 25, -5*r + 2*z + 46 = 0. What are the prime factors of r?
2
Suppose 4 = 3*j + 25. Let g(n) = -n**3 - 7*n**2 - n + 9. Let w be g(j). Suppose 0 = -6*u + 3*u - 4*l + w, 0 = -u + l + 10. List the prime factors of u.
2
Let c be (-48)/84 - (-382)/7. Suppose 4*a = -4*m, 2*a = -0*m + 3*m - 25. Suppose -m*b + 16 + c = 0. What are the prime factors of b?
2, 7
Suppose -7*q + 64 = -3*q. List the prime factors of (-8 - 4)/((-6)/q).
2
Let y = -3 + 5. Suppose 2*j + y*j = 16. Suppose -j*o - 6 = 4*f - 34, -4*f + 23 = 3*o. What are the prime factors of f?
2
Suppose 7*y - 790 = -3*y. What are the prime factors of y?
79
Let k = 39 - 19. Let n = 55 - k. What are the prime factors of n?
5, 7
Suppose -2 = 2*q - q. What are the prime factors of q/(-4) - 19/(-2)?
2, 5
Suppose -k = -3*s - 17, 2*k - 2*s = -0*s + 26. Let f(b) = 2*b**3 - 1. Let j be f(1). Let v = j + k. List the prime factors of v.
2, 3
Let h = -5 + 5. Let g = 16 + h. Suppose 3*w - 11 = g. What are the prime factors of w?
3
Let d be -2 + 6*(-4)/(-6). Let t = -7 - d. What are the prime factors of (14/(-21))/(2/t)?
3
Suppose 4*p = 3*i - 180, -2*i + 21 = -p - 24. Let m = p - -66. List the prime factors of m.
3, 7
Let k = -66 - -102. List the prime factors of k.
2, 3
Suppose -84 = 9*o - 3*o. Let q = -43 + 76. Let m = o + q. What are the prime factors of m?
19
What are the prime factors of (-3)/(-12) + 35/4?
3
Suppose 5*z + 2*q - 508 = 23, -6 = -2*q. Suppose m = -3*m - 3*u + 154, -3*u = -3*m + z. What are the prime factors of m?
37
Suppose 532 = 6*u + 40. List the prime factors of u.
2, 41
Suppose -80 = -2*m - 3*t, 4*m = m - 2*t + 120. Let x = -9 + m. Suppose 3*l = 4*z + 14 + 12, 3*l = 5*z + x. List the